False
Is 4968942213 a prime number?
False
Is 18901110827 prime?
True
Is 1956257 a composite number?
False
Is 28443270467 a composite number?
False
Is 1988695493 composite?
False
Is 20859692011 a prime number?
True
Is 2248349566 prime?
False
Is 12672489139 composite?
True
Is 398593070677 prime?
True
Is 6400804777 composite?
True
Is 4417809017 a prime number?
False
Is 2697677693 composite?
False
Is 30150628271 a composite number?
False
Is 19740932953 a prime number?
False
Is 2161077667 a prime number?
False
Is 345470893 a composite number?
False
Is 14175611917 prime?
True
Is 502397503 a composite number?
False
Is 864381931 a prime number?
False
Is 8919098273 a composite number?
True
Is 12349908947 a prime number?
True
Is 17537044471 prime?
True
Is 3772904771 composite?
True
Is 4420191047 a prime number?
True
Is 3121977 composite?
True
Is 110878321 a composite number?
False
Is 5527827673 prime?
True
Is 54339674981 a prime number?
True
Is 41507933869 a prime number?
False
Is 2014184989 composite?
False
Is 206718501289 a composite number?
False
Is 15622506751 prime?
False
Is 54743395741 a composite number?
True
Is 4988769397 composite?
True
Is 13155404651 prime?
False
Is 870543467 a prime number?
True
Is 412259833 prime?
True
Is 906043287 composite?
True
Is 6122120063 prime?
True
Is 2976841639 composite?
False
Is 355372883 prime?
False
Is 1501541611 a prime number?
True
Is 2925902713 a prime number?
False
Is 2242714037 prime?
True
Is 6616989727 prime?
False
Is 16828291643 composite?
True
Is 12472769795 a prime number?
False
Is 92971031639 a composite number?
True
Is 2712657287 prime?
True
Is 1098751949 a prime number?
False
Is 1088080097 prime?
False
Is 115169935627 a prime number?
False
Is 1669023659 a composite number?
False
Is 43801311001 composite?
True
Is 12297806279 a prime number?
False
Is 3267523417 a composite number?
True
Is 17490929 prime?
True
Is 1563829621 a composite number?
True
Is 6990587273 a prime number?
True
Is 596020471 a prime number?
True
Is 57859308043 prime?
True
Is 735755721 a composite number?
True
Is 14087476093 prime?
False
Is 1901565065 a prime number?
False
Is 33104563 a prime number?
True
Is 1112903153 a composite number?
True
Is 349801957 prime?
True
Is 13850776001 a prime number?
True
Is 138468245983 prime?
False
Is 2336293499 a composite number?
False
Is 2909630369 a prime number?
True
Is 11905950383 a prime number?
True
Is 385967212019 prime?
False
Is 1114056413 a composite number?
True
Is 893732995 prime?
False
Is 193025969 a composite number?
False
Is 2578455113 a prime number?
False
Is 14661536891 a composite number?
False
Is 931013345 prime?
False
Is 8754863807 a composite number?
False
Is 245287409 composite?
False
Is 43771362451 composite?
False
Is 686548423 prime?
False
Is 112243423477 composite?
False
Is 278192219 prime?
False
Is 1949509511 composite?
False
Is 268461173 a composite number?
True
Is 1800683737 a prime number?
True
Is 18074579 a composite number?
False
Is 71683872607 a prime number?
True
Is 3271632295 a prime number?
False
Is 26352884419 prime?
False
Is 60257394969 a prime number?
False
Is 514903733 composite?
True
Is 2372260763 prime?
False
Is 71220581923 composite?
False
Is 548053511 composite?
True
Is 2112189097 a prime number?
True
Is 137811812041 composite?
False
Is 7831072763 prime?
False
Is 15259884707 composite?
True
Is 594002701 composite?
True
Is 4372811459 prime?
True
Is 3061973449 a composite number?
False
Is 35321965153 a prime number?
True
Is 1569237947 prime?
True
Is 331255787 a prime number?
True
Is 193504123 composite?
True
Is 1947746063 a composite number?
False
Is 916922771 composite?
False
Is 162302473 a prime number?
False
Is 2331351569 a composite number?
False
Is 2948561711 a prime number?
True
Is 1866746449 prime?
True
Is 374314867 composite?
True
Is 22169596733 a prime number?
False
Is 4487316917 prime?
True
Is 13513761257 prime?
True
Is 663659611 a composite number?
False
Is 2075139949 prime?
False
Is 65809489679 composite?
False
Is 11314299497 a composite number?
True
Is 11665287947 prime?
False
Is 67561193 a composite number?
True
Is 10384302259 a composite number?
False
Is 1527314273 a prime number?
True
Is 3345204281 composite?
False
Is 52827023 composite?
False
Is 5361460267 a composite number?
False
Is 1699292737 prime?
True
Is 2997497753 a composite number?
True
Is 117266916457 prime?
True
Is 3555955201 a composite number?
True
Is 545085791 a composite number?
False
Is 2608423711 a prime number?
False
Is 206072597 prime?
True
Is 1977559931 prime?
False
Is 28976093561 composite?
True
Is 8833821311 composite?
True
Is 2011296389 a prime number?
True
Is 3975969029 a composite number?
False
Is 50753910239 prime?
True
Is 8582902621 composite?
False
Is 7068408023 composite?
False
Is 32019441203 composite?
False
Is 13209227209 prime?
True
Is 10583757683 composite?
True
Is 6143744837 composite?
False
Is 7174392089 prime?
True
Is 4555041167 a composite number?
False
Is 1703340451 prime?
True
Is 1895249047 a composite number?
True
Is 10966111853 composite?
False
Is 302681 a composite number?
False
Is 125546449 a prime number?
False
Is 91108139131 composite?
True
Is 390302779 a prime number?
False
Is 34050562417 prime?
True
Is 427173191 a composite number?
True
Is 3161252531 prime?
True
Is 11336207297 a prime number?
False
Is 10489704283 a composite number?
False
Is 18531211073 a composite number?
False
Is 1711037911 a composite number?
True
Is 43381458713 prime?
True
Is 153746941 composite?
False
Is 1743065399 prime?
False
Is 16951865807 a composite number?
False
Is 49045847371 composite?
False
Is 3199238363 a composite number?
True
Is 2098254391 prime?
True
Is 2603483611 composite?
False
Is 1478030783 a prime number?
True
Is 10516094473 a prime number?
False
Is 22307149157 composite?
True
Is 920157187 a prime number?
True
Is 282727553 a prime number?
False
Is 560482177 a composite number?
True
Is 144612595 composite?
True
Is 2186886826 prime?
False
Is 914794739 prime?
False
Is 447635477 prime?
True
Is 13535546417 a composite number?
False
Is 255393329 prime?
False
Is 904831777 prime?
False
Is 1617573073 a composite number?
True
Is 6164551823 a composite number?
True
Is 4585406699 prime?
True
Is 4690058077 a prime number?
False
Is 138217184011 composite?
False
Is 534902491 a prime number?
True
Is 24839284663 a prime number?
True
Is 31085815337 a prime number?
True
Is 4757519981 prime?
True
Is 23732025521 a prime number?
False
Is 6800916559 a prime number?
False
Is 1971377711 a prime number?
True
Is 92399917 prime?
True
Is 19914209501 a composite number?
False
Is 21217555811 composite?
False
Is 4943661721 composite?
False
Is 3195070201 composite?
False
Is 7981579459 a prime number?
False
Is 250881779 composite?
True
Is 61300862759 a composite number?
False
Is 105058640849 composite?
False
Is 5441260369 a composite number?
False
Is 4309580861 a composite number?
True
Is 39136117 prime?
True
Is 9976094863 prime?
False
Is 1213147223 a composite number?
True
Is 1064713877 composite?
False
Is 16816800659 prime?
True
Is 41401601 composite?
False
Is 11983320989 a composite number?
True
Is 2708768147 composite?
True
Is 934747141 a prime number?
True
Is 157657736603 a composite number?
True
Is 66296582137 composite?
False
Is 56476210321 prime?
False
Is 702147091 a prime number?
True
Is 69799787027 a prime number?
False
Is 1737598199 a prime number?
False
Is 4831025135 a prime number?
False
Is 675998027 a prime number?
False
Is 2798870993 composite?
True
Is 160334393 a composite number?
False
Is 78141003883 prime?
True
Is 282463658 prime?
False
Is 1502397907 composite?
False
Is 2809842461 composite?
False
Is 4910061077 a composite number?
True
Is 23073814081 composite?
True
Is 13181412899 prime?
True
Is 1145509327 a prime number?
True
Is 329216533 a composite number?
False
Is 244951597 prime?
False
Is 108867097 prime?
False
Is 3165342665 prime?
False
Is 2797437523 a composite number?
False
Is 2539940701 prime?
False
Is 14855597833 prime?
False
Is 1919808839 a prime number?
False
Is 3384980965 a prime number?
False
Is 167564477 composite?
True
Is 538902103 a prime number?
False
Is 5956372007 a composite number?
True
Is 2144037301 a prime number?
False
Is 16312662769 a composit